is divided by 25.
14
What is the remainder when 493 is divided by 38?
37
What is the remainder when 47 is divided by 33?
14
Calculate the remainder when 679 is divided by 43.
34
Calculate the remainder when 870 is divided by 4.
2
Calculate the remainder when 59 is divided by 20.
19
What is the remainder when 260 is divided by 27?
17
Calculate the remainder when 113 is divided by 2.
1
Calculate the remainder when 419 is divided by 12.
11
What is the remainder when 82 is divided by 17?
14
What is the remainder when 148 is divided by 45?
13
What is the remainder when 133 is divided by 35?
28
Calculate the remainder when 160 is divided by 83.
77
What is the remainder when 556 is divided by 50?
6
Calculate the remainder when 447 is divided by 33.
18
What is the remainder when 113 is divided by 107?
6
Calculate the remainder when 216 is divided by 97.
22
Calculate the remainder when 1087 is divided by 9.
7
Calculate the remainder when 15314 is divided by 46.
42
What is the remainder when 223 is divided by 77?
69
Calculate the remainder when 907 is divided by 51.
40
What is the remainder when 1002 is divided by 28?
22
What is the remainder when 687 is divided by 217?
36
Calculate the remainder when 128 is divided by 22.
18
Calculate the remainder when 149 is divided by 58.
33
Calculate the remainder when 255 is divided by 101.
53
What is the remainder when 6186 is divided by 25?
11
What is the remainder when 655 is divided by 16?
15
Calculate the remainder when 113 is divided by 59.
54
What is the remainder when 679 is divided by 176?
151
Calculate the remainder when 1388 is divided by 10.
8
What is the remainder when 131 is divided by 37?
20
What is the remainder when 452 is divided by 238?
214
What is the remainder when 249 is divided by 64?
57
Calculate the remainder when 932 is divided by 12.
8
Calculate the remainder when 242 is divided by 41.
37
Calculate the remainder when 239 is divided by 78.
5
What is the remainder when 555 is divided by 104?
35
What is the remainder when 6996 is divided by 140?
136
What is the remainder when 222 is divided by 58?
48
Calculate the remainder when 200 is divided by 56.
32
Calculate the remainder when 3502 is divided by 24.
22
What is the remainder when 2547 is divided by 49?
48
What is the remainder when 64 is divided by 10?
4
Calculate the remainder when 107 is divided by 28.
23
Calculate the remainder when 6630 is divided by 107.
103
What is the remainder when 433 is divided by 98?
41
What is the remainder when 1064 is divided by 107?
101
Calculate the remainder when 1791 is divided by 13.
10
What is the remainder when 274 is divided by 46?
44
What is the remainder when 12406 is divided by 88?
86
Calculate the remainder when 2609 is divided by 71.
53
What is the remainder when 660 is divided by 220?
0
What is the remainder when 2610 is divided by 30?
0
What is the remainder when 140 is divided by 15?
5
What is the remainder when 455 is divided by 192?
71
Calculate the remainder when 177 is divided by 13.
8
Calculate the remainder when 386 is divided by 56.
50
Calculate the remainder when 861 is divided by 12.
9
Calculate the remainder when 467 is divided by 26.
25
Calculate the remainder when 1307 is divided by 11.
9
What is the remainder when 12356 is divided by 334?
332
Calculate the remainder when 70 is divided by 25.
20
Calculate the remainder when 4331 is divided by 11.
8
What is the remainder when 897 is divided by 90?
87
Calculate the remainder when 1319 is divided by 66.
65
What is the remainder when 2258 is divided by 48?
2
Calculate the remainder when 1023 is divided by 7.
1
What is the remainder when 510 is divided by 57?
54
Calculate the remainder when 404 is divided by 4.
0
What is the remainder when 549 is divided by 12?
9
Calculate the remainder when 1615 is divided by 16.
15
What is the remainder when 326 is divided by 232?
94
Calculate the remainder when 192 is divided by 41.
28
Calculate the remainder when 973 is divided by 236.
29
What is the remainder when 31 is divided by 21?
10
What is the remainder when 2748 is divided by 64?
60
Calculate the remainder when 107 is divided by 41.
25
Calculate the remainder when 286 is divided by 3.
1
Calculate the remainder when 960 is divided by 161.
155
What is the remainder when 172 is divided by 5?
2
Calculate the remainder when 1434 is divided by 354.
18
Calculate the remainder when 35666 is divided by 37.
35
What is the remainder when 923 is divided by 37?
35
Calculate the remainder when 113 is divided by 105.
8
Calculate the remainder when 1404 is divided by 261.
99
Calculate the remainder when 488 is divided by 156.
20
What is the remainder when 121 is divided by 32?
25
What is the remainder when 94 is divided by 26?
16
Calculate the remainder when 969 is divided by 107.
6
Calculate the remainder when 33 is divided by 18.
15
Calculate the remainder when 1211 is divided by 403.
2
Calculate the remainder when 93 is divided by 32.
29
What is the remainder when 137 is divided by 42?
11
What is the remainder when 527 is divided by 49?
37
Calculate the remainder when 5963 is divided by 9.
5
Calculate the remainder when 300 is divided by 77.
69
Calculate the remainder when 369 is divided by 170.
29
What is the remainder when 938 is divided by 307?
17
What is the remainder when 4562 is divided by 27?
26
What is the remainder when 1909 is divided by 4?
1
What is the remainder when 234 is divided by 234?
0
What is the remainder when 331 is divided by 119?
93
What is the remainder when 174 is divided by 48?
30
What is the remainder when 87 is divided by 19?
11
Calculate the remainder when 168 is divided by 39.
12
Calculate the remainder when 47 is divided by 3.
2
Calculate the remainder when 597 is divided by 110.
47
Calculate the remainder when 51 is divided by 39.
12
What is the remainder when 232 is divided by 27?
16
Calculate the remainder when 153 is divided by 68.
17
What is the remainder when 213 is divided by 32?
21
What is the remainder when 296 is divided by 75?
71
Calculate the remainder when 110 is divided by 5.
0
What is the remainder when 831 is divided by 64?
63
Calculate the remainder when 134 is divided by 45.
44
What is the remainder when 83 is divided by 80?
3
What is the remainder when 154 is divided by 71?
12
Calculate the remainder when 41 is divided by 8.
1
What is the remainder when 310 is divided by 8?
6
What is the remainder when 2515 is divided by 74?
73
What is the remainder when 556 is divided by 175?
31
What is the remainder when 14517 is divided by 40?
37
Calculate the remainder when 501 is divided by 41.
9
What is the remainder when 41 is divided by 33?
8
Calculate the remainder when 90 is divided by 85.
5
What is the remainder when 3827 is divided by 18?
11
Calculate the remainder when 225 is divided by 77.
71
Calculate the remainder when 37 is divided by 13.
11
What is the remainder when 274 is divided by 11?
10
Calculate the remainder when 4996 is divided by 102.
100
What is the remainder when 535 is divided by 90?
85
What is the remainder when 185 is divided by 20?
5
Calculate the remainder when 214 is divided by 58.
40
What is the remainder when 168 is divided by 55?
3
Calculate the remainder when 311 is divided by 56.
31
What is the remainder when 336 is divided by 108?
12
Calculate the remainder when 197 is divided by 62.
11
What is the remainder when 6830 is divided by 244?
242
What is the remainder when 1344 is divided by 123?
114
Calculate the remainder when 10612 is divided by 55.
52
Calculate the remainder when 676 is divided by 6.
4
What is the remainder when 252 is divided by 74?
30
What is the remainder when 394 is divided by 49?
2
What is the remainder when 1773 is divided by 12?
9
What is the remainder when 19200 is divided by 173?
170
Calculate the remainder when 31 is divided by 9.
4
What is the remainder when 528 is divided by 33?
0
Calculate the remainder when 1341 is divided by 96.
93
Calculate the remainder when 197 is divided by 65.
2
What is the remainder when 2515 is divided by 36?
31
Calculate the remainder when 462 is divided by 31.
28
What is the remainder when 236 is divided by 44?
16
Calculate the remainder when 135 is divided by 20.
15
What is the remainder when 3983 is divided by 332?
3